e 566371?
False
Does 109 divide 203555?
False
Does 3 divide 22687?
False
Is 296 a factor of 2326997?
False
Is 505 a factor of 83830?
True
Does 6 divide 63283?
False
Is 46073 a multiple of 3?
False
Is 58 a factor of 63300?
False
Is 183609 a multiple of 121?
False
Is 1163 a factor of 11743974?
True
Is 1566656 a multiple of 52?
True
Is 661611 a multiple of 2?
False
Is 165 a factor of 3847360?
False
Does 9 divide 60954?
False
Is 41 a factor of 32062?
True
Is 12 a factor of 386941?
False
Does 38 divide 1526846?
False
Is 1769025 a multiple of 309?
True
Does 4 divide 3777?
False
Is 245401 a multiple of 13?
True
Is 13 a factor of 1401166?
True
Is 2084 a factor of 2754205?
False
Is 7 a factor of 16929?
False
Is 36851 a multiple of 24?
False
Is 98 a factor of 208936?
True
Is 38 a factor of 3756128?
False
Is 163930 a multiple of 97?
True
Does 284 divide 2216877?
False
Does 53 divide 19557?
True
Is 544782 a multiple of 75?
False
Is 86 a factor of 3991990?
False
Is 299 a factor of 361491?
True
Is 25958391 a multiple of 1236?
False
Does 561 divide 60337?
False
Is 4 a factor of 7193136?
True
Is 4335639 a multiple of 57?
False
Is 27 a factor of 2195694?
True
Does 537 divide 433903?
False
Is 12 a factor of 15459504?
True
Is 43 a factor of 23699940?
False
Is 21 a factor of 52254?
False
Is 18927664 a multiple of 119?
True
Is 139810 a multiple of 410?
True
Is 26 a factor of 13669838?
True
Is 158662 a multiple of 2?
True
Is 318 a factor of 228730?
False
Is 1159 a factor of 17171744?
True
Does 120 divide 867607?
False
Does 23 divide 220386?
True
Does 613 divide 1116768?
False
Does 42 divide 18228?
True
Is 12 a factor of 1299120?
True
Does 176 divide 2847847?
False
Is 4 a factor of 1510737?
False
Is 2888701 a multiple of 34?
False
Is 940 a factor of 2904341?
False
Does 1365 divide 77623?
False
Does 174 divide 779439?
False
Is 76434 a multiple of 97?
False
Is 2278868 a multiple of 4?
True
Is 258977 a multiple of 201?
False
Is 9453 a multiple of 23?
True
Does 15 divide 731803?
False
Is 542387 a multiple of 29?
True
Is 47 a factor of 422718?
True
Is 191706 a multiple of 7?
False
Is 817 a factor of 588240?
True
Is 185 a factor of 228660?
True
Does 11 divide 90451?
False
Is 1256647 a multiple of 7?
True
Is 403168 a multiple of 32?
True
Is 44439 a multiple of 52?
False
Does 9 divide 4799709?
True
Does 16 divide 3548399?
False
Does 11 divide 26854?
False
Does 112 divide 292489?
False
Does 616 divide 4081616?
True
Is 946030 a multiple of 10?
True
Does 40 divide 6037479?
False
Does 59 divide 1004156?
False
Does 34 divide 84388?
True
Is 1426311 a multiple of 282?
False
Is 581 a factor of 600754?
True
Does 240 divide 9270000?
True
Is 413125 a multiple of 125?
True
Does 982 divide 8250764?
True
Is 19 a factor of 13037883?
False
Is 4 a factor of 4342808?
True
Is 11 a factor of 742324?
True
Does 6 divide 217950?
True
Is 282 a factor of 1724712?
True
Is 22 a factor of 1222540?
True
Is 122354 a multiple of 131?
True
Is 12987 a multiple of 13?
True
Does 33 divide 3366232?
False
Is 4 a factor of 47106?
False
Is 5235336 a multiple of 456?
True
Is 33 a factor of 3082018?
False
Is 196 a factor of 142485?
False
Is 228156 a multiple of 84?
False
Is 6 a factor of 40254?
True
Is 17 a factor of 1247613?
True
Is 13 a factor of 1177020?
True
Is 56964 a multiple of 303?
True
Does 12 divide 186994?
False
Is 103 a factor of 497533?
False
Is 6064 a multiple of 4?
True
Is 20 a factor of 61740?
True
Is 866891 a multiple of 397?
False
Is 14 a factor of 2325221?
False
Is 24409 a multiple of 317?
True
Does 10 divide 1319527?
False
Does 657 divide 760179?
False
Is 6 a factor of 1141626?
True
Does 221 divide 1333072?
True
Is 17 a factor of 74766?
True
Does 7 divide 134413?
False
Is 11 a factor of 1075623?
False
Does 7 divide 153193?
False
Does 11 divide 57312?
False
Is 14 a factor of 1491?
False
Does 9 divide 85992?
False
Does 50 divide 1766171?
False
Does 2 divide 34404?
True
Is 2257742 a multiple of 114?
False
Is 2100786 a multiple of 111?
True
Is 4753723 a multiple of 481?
True
Does 93 divide 27900?
True
Is 2 a factor of 1225927?
False
Is 364302 a multiple of 111?
True
Does 16 divide 80427?
False
Is 1049931 a multiple of 129?
True
Does 5 divide 9457?
False
Does 165 divide 6473469?
False
Is 33 a factor of 162196?
False
Is 4277514 a multiple of 613?
True
Is 7 a factor of 25963?
True
Does 15 divide 384060?
True
Is 598691 even?
False
Is 45240 a multiple of 60?
True
Is 53646 a multiple of 28?
False
Is 324 a factor of 231660?
True
Is 432 a factor of 572821?
False
Is 4 a factor of 44478?
False
Is 97110 a multiple of 45?
True
Is 11 a factor of 663331?
False
Is 2194119 a multiple of 131?
True
Does 36 divide 3408156?
True
Does 601 divide 6661484?
True
Is 87 a factor of 11397?
True
Is 15 a factor of 6206010?
True
Does 577 divide 2942123?
True
Does 100 divide 412000?
True
Is 318442 a multiple of 50?
False
Is 331416 a multiple of 24?
True
Is 5193819 a multiple of 10?
False
Is 6 a factor of 6805?
False
Is 90299 a multiple of 2?
False
Does 70 divide 42476?
False
Does 74 divide 646063?
False
Is 5 a factor of 411149?
False
Is 833 a factor of 712002?
False
Is 678 a factor of 3641160?
False
Does 7 divide 1081?
False
Does 518 divide 8901312?
True
Is 110937 a multiple of 363?
False
Is 24780591 a multiple of 11?
True
Does 51 divide 5055?
False
Is 499 a factor of 438513?
False
Is 67051 a multiple of 6?
False
Is 85 a factor of 1275255?
True
Is 3436111 a multiple of 368?
False
Is 696 a factor of 814320?
True
Is 184204 a multiple of 90?
False
Does 15 divide 212710?
False
Does 13 divide 271258?
True
Is 594540 a multiple of 135?
True
Is 17 a factor of 1246934?
False
Does 50 divide 9450385?
False
Is 3437006 a multiple of 20?
False
Is 162 a factor of 82296?
True
Does 34 divide 617518?
False
Is 1392619 a multiple of 32?
False
Is 39 a factor of 166296?
True
Is 1113 a factor of 4623708?
False
Is 821548 a multiple of 364?
True
Is 479 a factor of 184894?
True
Is 29 a factor of 68034?
True
Is 12 a factor of 7024117?
False
Is 192 a factor of 85440?
True
Is 5 a factor of 947808?
False
Is 23 a factor of 22778?
False
Does 34 divide 631040?
True
Is 222015 a multiple of 95?
True
Is 625890 a multiple of 155?
True
Does 7 divide 14392?
True
Does 23 divide 451398?
True
Is 6574913 a multiple of 939?
False
Does 8 divide 1250640?
True
Is 5344312 a multiple of 284?
True
Is 8160455 a multiple of 40?
False
Is 683 a factor of 903442?
False
Is 203 a factor of 652848?
True
Does 5 divide 15278?
False
Is 6054462 a multiple of 67?
False
Is 3297506 a multiple of 162?
False
Is 389395 a multiple of 25?
False
Is 92 a factor of 8107714?
False
Does 15 divide 192207?
False
Is 20364 a multiple of 64?
False
Does 248 divide 231880?
True
Is 210 a factor of 21411255?
False
Is 536 a factor of 13805239?
False
Is 28117329 a multiple of 8?
False
Is 1544313 a multiple of 42?
False
Does 11 divide 30004?
False
Is 114447 a multiple of 5?
False
Is 20901 a multiple of 3?
True
Is 162 a factor of 1699866?
True
Is 18 a factor of 552114?
True
Does 19 divide 35428?
False
Does 16 divide 230521?
False
Is 33 a factor of 41296?
False
Does 5 divide 110762?
False
Does 94 divide 21526?
True
Is 44 a factor of 397584?
True
Does 76 divide 505244?
False
Is 93 a factor of 887034?
True
Does 4 divide 853587?
False
Is 8 a factor of 17035?
False
Is 676261 a multiple of 29?
False
Does 17 divide 528453?
False
Does 15 divide 6629475?
True
Does 1484 divide 19677803?
False
Is 59 a factor of 981937?
True
Is 116600 a multiple of 81?
False
Is 27 a factor of 14185044?
True
Does 78 divide 1492140?
True
Does 4 divide 131288?
True
Is 697 a factor of 6510081?
False
Is 4 a factor of 57250?
False
Is 18 a factor of 5364?
True
Is 8 a factor of 3642498?
False
Is 65533 a multiple of 71?
True
Is 60276 a multiple of 219?
False
Does 80 divide 74160?
True
Is 29 a factor of 3518955?
False
Is 27 a factor of 238222?
False
Does 140 divide 1505955?
False
Is 4 a factor of 552216?
True
Is 106520 a multiple of 37?
False
Does 10 divide 483763?
False
Is 626612 a multiple of 2?
True
Does 114 divide 160968?
True
Does 308 divide 207247?
False
Does 9 divide 560086?
False
Is 51 a factor of 154224?
True
Is 12 a factor of 58440?
True
Does 78 divide 195468?
True
Is 3410438 a multiple of 37?
True
Is 78 a factor of 1549782?
True
Is 29545